1158467 prime?
True
Is 1994877329 composite?
False
Is 27118401641 a composite number?
False
Is 150464038895 composite?
True
Is 768993193 a composite number?
True
Is 2323136317 a prime number?
True
Is 2497429667 composite?
False
Is 96465036199 prime?
False
Is 8765853337 a prime number?
True
Is 3372328139 prime?
False
Is 4424154479 a prime number?
False
Is 4591448579 a prime number?
False
Is 44380502623 a prime number?
False
Is 8308018187 a prime number?
False
Is 119965890349 a composite number?
True
Is 1192362091 a composite number?
True
Is 302101859167 a composite number?
False
Is 172755689 prime?
False
Is 16045451 composite?
False
Is 22668846281 prime?
True
Is 89734988383 a prime number?
True
Is 952474577 a prime number?
True
Is 407262413 composite?
True
Is 12105399599 prime?
False
Is 1792489 a prime number?
True
Is 18500755457 a prime number?
True
Is 1955643091 a composite number?
True
Is 1139168353 composite?
False
Is 20396812973 composite?
True
Is 4761554351 prime?
True
Is 90220349 prime?
False
Is 5435883766 prime?
False
Is 29075949577 a composite number?
True
Is 102593379481 prime?
False
Is 713196251 prime?
True
Is 15060565817 composite?
True
Is 475552757 prime?
True
Is 152289329 a prime number?
False
Is 3842368819 prime?
True
Is 11086292983 prime?
False
Is 16201252819 prime?
True
Is 781926501199 prime?
True
Is 1166427131 a composite number?
True
Is 308776009 composite?
False
Is 49117498213 prime?
False
Is 4531427137 composite?
False
Is 1406144863 prime?
False
Is 7848327243 prime?
False
Is 26169271069 composite?
False
Is 569939651 a composite number?
False
Is 4591892663 prime?
False
Is 16731018811 a composite number?
True
Is 9942098839 a composite number?
False
Is 1253443687 composite?
False
Is 34104562841 composite?
False
Is 13628142259 a composite number?
True
Is 2698268961 composite?
True
Is 980563029 a prime number?
False
Is 42778752743 composite?
False
Is 69581171729 a prime number?
False
Is 34565800565 composite?
True
Is 1904916697 composite?
True
Is 20720893 a composite number?
False
Is 1010366569 prime?
False
Is 840128329 a composite number?
False
Is 1331849045 a prime number?
False
Is 2891862787 a prime number?
False
Is 2081653771 a composite number?
False
Is 39115255763 a composite number?
False
Is 14916180745 a composite number?
True
Is 4304829659 composite?
True
Is 883991083 composite?
False
Is 15017717341 a composite number?
True
Is 844771493 a prime number?
False
Is 3882421537 composite?
False
Is 7291176119 a prime number?
False
Is 114700946429 a composite number?
False
Is 3074653657 prime?
True
Is 62764481411 composite?
False
Is 6183769577 a composite number?
False
Is 944879237 a composite number?
False
Is 30348111529 a composite number?
True
Is 1213604701 prime?
False
Is 228033321493 composite?
False
Is 14454487 a prime number?
True
Is 1226127641 a prime number?
True
Is 16635771427 a composite number?
True
Is 170428163 prime?
False
Is 1119737755 composite?
True
Is 17924403895 composite?
True
Is 18322237817 composite?
True
Is 471146117 a composite number?
True
Is 10260500581 composite?
True
Is 5412689719 a composite number?
True
Is 1697894983 a prime number?
False
Is 282565291 prime?
False
Is 2056752149 prime?
False
Is 112464691 a composite number?
True
Is 18048781223 prime?
False
Is 24368575399 composite?
True
Is 2531396851 a prime number?
True
Is 75351117 a composite number?
True
Is 154233907 a composite number?
False
Is 2595201382 composite?
True
Is 331691813 a prime number?
False
Is 876851377 a prime number?
False
Is 14332756483 a prime number?
True
Is 69356395871 a prime number?
False
Is 15977373409 composite?
False
Is 1358675699 a prime number?
True
Is 87516747806 a composite number?
True
Is 198620447 composite?
True
Is 2806665973 a prime number?
True
Is 491289769 composite?
False
Is 241969637129 prime?
False
Is 1202849299 a prime number?
False
Is 1155014111 composite?
False
Is 3190888381 a composite number?
True
Is 16292094761 prime?
False
Is 519047869 a prime number?
True
Is 5343544169 a composite number?
True
Is 105894024511 prime?
False
Is 189084860963 prime?
True
Is 2198795449 a composite number?
False
Is 32343803 a prime number?
False
Is 114643651 composite?
False
Is 1439202643 composite?
True
Is 288353201 a composite number?
True
Is 379268501 a composite number?
True
Is 8216085991 a composite number?
True
Is 12651454867 a prime number?
True
Is 380969047 composite?
True
Is 572801807 prime?
True
Is 19569847607 a prime number?
False
Is 1097041261 a prime number?
False
Is 3051912679 a prime number?
False
Is 807415673 prime?
False
Is 5773951879 prime?
False
Is 85353355907 prime?
True
Is 5445680027 prime?
False
Is 234148283 a prime number?
True
Is 197166549949 a composite number?
False
Is 16940906435 composite?
True
Is 10058347207 prime?
True
Is 2630746763 prime?
False
Is 1252882399 a composite number?
True
Is 26195779447 composite?
True
Is 24941259163 composite?
True
Is 722744833 a prime number?
True
Is 3796415033 prime?
False
Is 6649791185 a prime number?
False
Is 4165108843 a composite number?
True
Is 3380613167 composite?
False
Is 16683669647 composite?
True
Is 23557094389 a prime number?
True
Is 483380593 prime?
True
Is 3120800453 prime?
False
Is 1273542077 a composite number?
False
Is 11088168811 a composite number?
True
Is 25903976677 composite?
True
Is 811956221 a composite number?
False
Is 3329719174 prime?
False
Is 131619455309 prime?
False
Is 4265964049 prime?
False
Is 48444543113 a composite number?
False
Is 227468383 a composite number?
False
Is 523045291 a composite number?
True
Is 2627995531 prime?
False
Is 21576357697 a prime number?
True
Is 552394901 prime?
False
Is 4597867301 a composite number?
True
Is 81098142299 prime?
True
Is 37108396013 composite?
True
Is 46617995569 a prime number?
True
Is 55464967 a composite number?
False
Is 16950257329 a prime number?
True
Is 1503171793 composite?
True
Is 46210213 composite?
True
Is 3540297941 prime?
True
Is 4717123207 a prime number?
True
Is 1261346023 prime?
False
Is 9109526597 prime?
True
Is 11091167431 prime?
True
Is 17688462131 prime?
False
Is 60338669 composite?
False
Is 22393999403 a prime number?
True
Is 7082894191 a prime number?
False
Is 70015602529 prime?
True
Is 177901470763 prime?
True
Is 639761203 composite?
True
Is 16144903 composite?
True
Is 588792577 a composite number?
True
Is 430781411 a prime number?
False
Is 57721000273 a prime number?
False
Is 106199501 a prime number?
False
Is 1076332277 composite?
True
Is 7350092609 composite?
False
Is 6150631427 prime?
True
Is 42958769 prime?
False
Is 92229053083 a prime number?
True
Is 253543881667 prime?
False
Is 35995733 composite?
False
Is 12643555879 a prime number?
True
Is 40759148387 prime?
True
Is 1129774621 a composite number?
False
Is 63011519 prime?
False
Is 674858869 composite?
True
Is 210543163 a composite number?
False
Is 93622972286 a composite number?
True
Is 1301979179 prime?
True
Is 3731402639 prime?
False
Is 31671368549 prime?
True
Is 168158000071 composite?
True
Is 1938869381 composite?
False
Is 70904678557 a prime number?
False
Is 9827907055 a prime number?
False
Is 118092641 a prime number?
False
Is 291621359 prime?
True
Is 6510378361 a prime number?
False
Is 1333824287 a composite number?
False
Is 506658631 composite?
True
Is 11552020891 a composite number?
True
Is 48227173 a prime number?
False
Is 107140307311 composite?
False
Is 6477321007 prime?
True
Is 116235855371 a composite number?
True
Is 89375289863 a composite number?
True
Is 91913113 composite?
False
Is 4196538013 a composite number?
False
Is 1891971001 a composite number?
False
Is 3118338497 prime?
True
Is 8930003279 a composite number?
False
Is 1847716177 composite?
False
Is 22371589441 prime?
True
Is 3802564163 prime?
False
Is 710993989 a composite number?
False
Is 3969286001 composite?
False
Is 70737715 composite?
True
Is 9153654121 composite?
True
Is 6281005043 a composite number?
False
Is 61566419 a prime number?
False
Is 8080962151 a prime number?
True
Is 57604961521 composite?
False
Is 7599788983 composite?
False
Is 13580254951 composite?
False
Is 490227643 a composite number?
False
Is 1461355619 a composite number?
False
Is 242421857 a composite number?
False
Is 4303236757 composite?
True
Is 193766453 